7)/(-12))/(2/8). Let l = v + n. What is the hundreds digit of l?
1
Suppose 8*v + 8363 - 26795 = 0. What is the units digit of v?
4
Suppose 2*i + r - 22 = 0, 0*r = -r - 2. Let s = i - -49. Suppose -4*n - 45 - s = -l, -4*n + 200 = 2*l. What is the tens digit of l?
0
Let c(d) = d - 18. Let f be c(8). Let m be (-1414)/(-10) - f/(-25). Suppose -10*w + 13*w - m = 0. What is the tens digit of w?
4
Let i be 2/(-11) - (-24)/11. Suppose -2*f + i*c = c - 80, 2*f - 88 = 5*c. Let a = 77 - f. What is the units digit of a?
8
Suppose -f = -2*a + 3 + 4, 0 = -4*f + 4. Let u be -3 - (a - 2)/(1/(-4)). What is the units digit of ((-54)/15 + 2)*(u + -50)?
2
Let x be (-10)/(-45) + (-68)/(-18). Suppose -66 = -x*j + 2*j. Suppose 3*m - 4*h - 308 - j = 0, -5*h + 465 = 4*m. What is the units digit of m?
5
Let z(k) = 3*k**2 - 19*k - 50. Let i be z(18). What is the hundreds digit of (i/(-15) + 3)*-3?
1
Let d = 843 - 837. What is the tens digit of (8 + (-135 - -7))/(d/(-20))?
0
Suppose 336 = 32*r - 11*r. Suppose 15*o + 59 = r*o. What is the units digit of o?
9
Suppose -5*s + 0*s = -50. Suppose 19756 = p + s*p. What is the tens digit of p/30 - (-6)/180*4?
6
Let q = 5403 - 2027. What is the units digit of q?
6
Let z = 6852 + 1735. What is the tens digit of z?
8
Let c be 6/(-4) + (-1415)/(-10). Suppose -64*b = -79*b - 300. What is the tens digit of (-1738)/b + 14/c?
8
Let n be ((-32)/(-8) - 80)/(0 + -1). Suppose -79*k = -n*k - 165. What is the tens digit of k?
5
Suppose y - 5*g - 20 = 3*y, 2*y - 4*g - 16 = 0. Suppose -13*h + y*h + 8684 = 0. What is the units digit of h?
8
Suppose 5*d - 7*d + 6746 = 5*o, 5*o - 6744 = -3*d. Suppose -12*u + o + 4146 = 0. What is the units digit of u?
8
Let p = -8698 - -13260. What is the tens digit of p?
6
Suppose 4*f - 50201 = -4*i + 7699, 0 = 13*f - 5*i - 188121. What is the units digit of f?
2
Suppose 9 = -t + 4*z - 3, 3*z = 2*t + 4. Suppose 0 = 2*s - 4, -2*s + 2 = -2*o - 2. Suppose 0*q - q - 1 = o, -t*n + 5*q + 409 = 0. What is the tens digit of n?
0
Suppose 0 = -4*a - 2*x - 551 + 27165, 2*a + 5*x = 13327. What is the hundreds digit of a?
6
Suppose -96*s = -105*s. What is the tens digit of (s - -112)/(40/280)?
8
Let z(b) = 57*b - 92. Let s be z(-5). Let y = 656 - s. What is the units digit of y?
3
Let t(s) = -52*s. Let f(g) be the second derivative of 26*g**3/3 - g**2/2 - 37*g. Let v(i) = -3*f(i) - 2*t(i). What is the units digit of v(-3)?
9
Let a(h) = 351*h - 898. What is the tens digit of a(31)?
8
Let n = 86262 + -33418. What is the ten thousands digit of n?
5
Let d = -753 - -751. Let v(t) = 4 + 0*t**2 + 3*t**2 - 1 + 2*t**2. What is the units digit of v(d)?
3
Let v = 7394 - 4666. Let p = 4576 - v. What is the thousands digit of p?
1
Let m = 139 - 88. Suppose -4*d - m = 9. Let f(r) = r**3 + 16*r**2 + 11*r + 20. What is the tens digit of f(d)?
8
Let m(t) = 17*t**3 + 2*t**2 + 2*t + 4. Let v be m(4). Let l = v - 717. What is the tens digit of l?
1
Let k = 100 - 139. Let f = 259 + k. What is the units digit of f?
0
Let j(k) = -24*k**3 - 50*k**2 - 7*k + 130. What is the thousands digit of j(-14)?
6
Let i(r) = 2*r**3 - r**2 + 15*r - 30. What is the units digit of i(5)?
0
Let b(q) = 255*q**2 - 6*q + 31. What is the tens digit of b(6)?
7
Suppose -2*t - 260 = -0*t. Let j = -250 - t. What is the tens digit of j/(-9) + 1 - (-2)/3?
1
Suppose -3*r = -3*l + 21, -r - 2 = 2*l + r. Suppose -p + 4 = 3*c, -64*p = -c - 62*p - 8. Suppose -3*j - l*j + 1092 = c. What is the hundreds digit of j?
1
Suppose -4*t - 5 = n, -5*n - 3 = 2*t - 14. Let p = 92 + n. Let r = p - 66. What is the units digit of r?
9
Let c = 6394 - -51348. What is the thousands digit of c?
7
Let b be 1/((2/(-4))/(3/(-2))). Suppose -8*i + 4155 = -3*i + 5*x, -4*i + b*x = -3310. What is the hundreds digit of i?
8
Let x(d) = -d**3 - 9*d**2 - 5*d - 32. Let l be x(-9). Suppose i = -15*v + l*v + 56, i = 4*v + 44. What is the units digit of i?
2
Let r(f) = -4*f**3 + 4 + 0*f**2 - 4*f**2 - 9*f + 0*f + 3*f. What is the tens digit of r(-5)?
3
Let d be 6/(-3)*(4 - 5). Suppose 2*r = d*t + 138, -126 = -2*r + t + 14. Suppose -2*v + r = -39. What is the tens digit of v?
5
Suppose 0 = 24*b - 42*b - 10*b + 1805804. What is the hundreds digit of b?
4
Suppose 1608 = 3*l - 3*h, -l + 312 = -4*h - 212. Let v = l + -384. What is the hundreds digit of v?
1
Let n be 8/(-28) + -230*5/(-7). Suppose 0*u = 4*u - 1008. Let z = u - n. What is the units digit of z?
8
Suppose -98*a + 117*a = 399. Suppose 28*u - 5208 = a*u. What is the tens digit of u?
4
Suppose -13 - 87 = -2*f. Suppose 0 = 3*o - f + 8. Suppose -4*j + o = -398. What is the units digit of j?
3
Suppose 246*h - 247*h + 36 = 0. Suppose 4*q + 2*q - h = 0. Let o(u) = 27*u + 17. What is the hundreds digit of o(q)?
1
Let n be 210/280 - (-241)/4. Suppose 59*q + 3154 = n*q. What is the thousands digit of q?
1
Suppose 4*f + 53787 = 1387*t - 1386*t, -t + 53752 = 3*f. What is the units digit of t?
7
Let j = -80 - -85. Suppose 0 = d - j*n, -2*d + 3*n + 2 = -d. Let y(w) = 8*w**2 - 7*w - 5. What is the hundreds digit of y(d)?
1
Suppose 0*q - 5*q + 78043 = 3*g, -2*q + 3*g + 31234 = 0. What is the ten thousands digit of q?
1
Let t(w) = w**2 - 9. Suppose 4*n = -c + 25, 5*c + 0*n = -4*n + 45. Suppose l + 4*h - c = -0*l, 3*l - 2*h + 27 = 0. What is the units digit of t(l)?
0
Let j(w) = w**3 - 12*w - 4 - 9*w**2 + 12*w + 0*w**3 + 12*w. What is the units digit of j(11)?
0
Suppose 37*d + 173211 = 2823376 + 217298. What is the hundreds digit of d?
4
Let w(m) = -30*m - 54. Suppose -29 = 3*x - 4*c, -3*x = c + 2*c - 6. Let o be 53/(-6) + x/18. What is the hundreds digit of w(o)?
2
Let s be ((-36)/(-24))/(6/52). Suppose 3*o - a = 19, -o + 2*a - 3*a = -s. What is the units digit of (o/24)/((-1)/3) + 92?
1
Suppose -t = -d - 4*t + 261, 5*t + 555 = 2*d. Suppose 0*h + 18*h = -54. What is the tens digit of (2/(-5))/(h/d)?
3
Suppose -11*a + 63 = -20*a. What is the tens digit of 1422*(156/24 + a + 1)?
1
Let l(a) = 2*a**3 + 12*a**2 - 36*a + 71. What is the tens digit of l(21)?
2
Let a(r) = 8*r - 7*r - 13 + 38*r + 46*r. Let s be a(7). Let d = 815 - s. What is the units digit of d?
3
Let g(k) = 9*k - 81. Let v be g(9). Suppose 3*t + 5*z - 21 - 44 = v, 5*t - 4*z = 170. What is the tens digit of t?
3
Let s(l) = 5*l + 1. Let c be s(-10). Let d = -41 - c. Suppose -2*w + d*w = 672. What is the tens digit of w?
1
Let m be (-119)/(-28) - ((-1)/4)/(-1). Suppose -4641 = -m*z + 183. What is the thousands digit of z?
1
Let v(u) = 18*u - 11. Let w be v(1). Suppose w = 15*l + 7. Suppose -6*j + 9*j + 9 = l, -2*p + 459 = -3*j. What is the hundreds digit of p?
2
Let t = 35206 + -12152. What is the units digit of t?
4
Suppose -4*l = 2*m + 153 - 57, 4*l = 2*m + 72. Let x be ((-4)/6)/((-14)/m). What is the units digit of (-121)/x + 1/(-2)?
0
Suppose 0 = -b + 5*r + 29231, 4*r - 77881 = -3*b + 9755. What is the thousands digit of b?
9
Let w = -182 - -185. Suppose h - 575 = -4*l, 0*h - w*h = -3*l + 450. What is the tens digit of l?
4
What is the tens digit of 4/((-64)/(-12)) - 55849/(-4)?
6
Let o(j) = -2*j**3 - 121*j**2 - 2502*j - 11. What is the hundreds digit of o(-23)?
8
Let b(z) be the third derivative of -5*z**4/12 - 3*z**3 - 17*z**2. Let n be b(-4). Suppose m = 3*g + n, 4*m = 2*m + 5*g + 43. What is the tens digit of m?
1
Suppose m = -2*a + 24215, -42*a = -44*a + m + 24213. What is the ten thousands digit of a?
1
Suppose 2*h + 52 = 4*h. Let u = h + -37. What is the units digit of (-6)/33 + (-508)/u?
6
Let d(x) = 4*x - 40. Let l(v) = -v + 8. Let m(z) = 2*d(z) + 11*l(z). Let q be m(22). Let n = q - -139. What is the units digit of n?
1
Let c be (-5)/(135/(-6)) - 673600/(-225). Suppose -2*w - h = -1203, 5*w - 3*h = -h + c. What is the tens digit of w?
0
Suppose 0 = 5*b + 4*p - 235479, 1859*b - 3*p = 1863*b - 188382. What is the tens digit of b?
9
Let d(n) = -265*n**3 + 3*n**2 - 25. What is the tens digit of d(-3)?
5
Suppose -87 = -4*b + 41. Let r(l) = -6*l - 5. Let j be r(-6). Suppose 0 = -j*x + b*x - 4. What is the units digit of x?
4
Let p(k) = -k**2 - 39*k - 107. Let z be p(-36). Let x(j) = 281*j + 1. What is the hundreds digit of x(z)?
2
Let v(j) = 25*j - 141. Let p be v(7). Suppose -f = 4*r - 2, 2*r - 2 = -4*f + p. What is the units digit of f?
0
What is the tens digit of (8235/(-189) + 1)/((-2)/434)?
3
Suppose -4